f p.
3, 7, 29
Let l = -862 + 3945. List the prime factors of l.
3083
Let j(s) = s - 3. Let p be j(6). Suppose t - 16 = -p*t. Suppose -3*b + 0*b = -t*i - 25, i = -2*b + 2. What are the prime factors of b?
3
Suppose 3*w - 95 = -5*d + 91, -148 = -4*d - 2*w. Let c = d + -29. What are the prime factors of c?
7
What are the prime factors of -4 + 11 - (-803 - (-6 + 11))?
5, 163
What are the prime factors of 145*(-12 + 8 + 16)?
2, 3, 5, 29
Suppose 12*k - 7047 - 621 = 0. What are the prime factors of k?
3, 71
Let p = -1 - -16. Let i be ((-126)/p)/((-5)/25). Let q = 61 - i. What are the prime factors of q?
19
Suppose -4*f - 27 = -3*j + 5, -j - 16 = 4*f. Suppose -4*p - 6 = 14, -5*p = j*w - 47. Let b = w - 4. List the prime factors of b.
2, 7
Let j be (6 - 7)*(0 - 11). Let v(r) = r**3 - 10*r**2 - 7*r + 1. Let k be v(j). Let u = k - 10. List the prime factors of u.
5, 7
Suppose 8 = 2*t - t. Let r = t - 4. Suppose 0 = -4*q - 3*v + 50, 46 = 5*q - r*v - 1. List the prime factors of q.
11
Suppose 28643 = 9*n + 4721. List the prime factors of n.
2, 3, 443
Let g(a) be the first derivative of -3*a**2/2 + 42*a + 9. List the prime factors of g(13).
3
Let f(c) = -4*c**2 - 6*c**3 + 1 - 3*c + 0*c**3 + 6*c**3 + c**3. What are the prime factors of f(6)?
5, 11
Let d(a) = -a**2 + a. Let m be d(-2). Let w(l) = l**3 + 5*l**2 - 16*l - 7. Let t be w(m). Let p = 115 - t. List the prime factors of p.
2, 31
Suppose -3*r + 131 = 3*m - 52, -2*r - 4*m + 130 = 0. Suppose -5*i = -2*i - r. What are the prime factors of i?
19
Let f(h) = h**3 - 21*h**2 - 15*h + 58. What are the prime factors of f(24)?
2, 23, 31
Let z = -4 + 9. Suppose 4*c + 15 = -t, z*c + 23 = 5*t - 2. List the prime factors of 16/24*(32 + t).
2, 11
List the prime factors of (-9)/((-36)/(-265))*-4.
5, 53
Let s = -1314 + 2235. List the prime factors of s.
3, 307
Suppose 10*b + 2*b = 5916. List the prime factors of b.
17, 29
Let a(b) = -b**2 - 12*b - 11. Let m be a(-11). What are the prime factors of 258/(-9)*-3 + 3 + m?
89
List the prime factors of (-5)/(75/(-9)) - 7404/(-10).
3, 13, 19
Let k = 652 - 391. List the prime factors of k.
3, 29
Suppose 4*y + 15 = v, 2*y = -0*y + 5*v - 3. List the prime factors of -5 + ((-80)/(-2) - y).
3, 13
Let s be 2/(-7) + (-10)/(-35). Suppose 2*h + 6 + 2 = s. List the prime factors of (-1)/h + (-350)/(-40).
3
Let p(d) = -2*d**3 - 6*d**2 + 18*d + 90. List the prime factors of p(-9).
2, 3, 5
Let x = 8873 - 5054. What are the prime factors of x?
3, 19, 67
Suppose -11*z = 6464 - 17970. What are the prime factors of z?
2, 523
Let g = -33 + 36. List the prime factors of (-84)/(-8)*40/g.
2, 5, 7
Let v(d) = -11*d - 2. Let w be v(-2). Suppose -w = -n - 0*n. List the prime factors of n/3 + 7/21.
7
Suppose 5*i = i - 12, -2*g + 3*i + 65 = 0. Let t = 38 + g. What are the prime factors of t?
2, 3, 11
Let r(i) = 9*i**2 - 11*i - 7. What are the prime factors of r(-4)?
181
Let f be 16/(-6)*(-18)/24. Suppose -2*t + 3 = -3*a, 0*a = f*t - a + 3. Let j = t - -25. What are the prime factors of j?
2, 11
Let a = 92 + -115. Suppose -2*q - 24 = -0*q. Let r = q - a. List the prime factors of r.
11
Let g be -8 + 4/(-12)*-9. Let w(c) = 2*c**2 + 9*c + 17. What are the prime factors of w(g)?
2, 11
Let y(l) = 8*l**2 - 9*l - l**3 + 5 - l**2 - 4*l**2 + 7*l**2. What are the prime factors of y(9)?
5
Suppose 45*y - 43*y = 100. List the prime factors of y - (8/28 + 104/28).
2, 23
Let f = -72 - -162. List the prime factors of f - (-2 + 3 - 2).
7, 13
Let s = 255 - -101. What are the prime factors of s?
2, 89
Suppose 4*x + 2*y - 1416 = -3*y, 4*x - 2*y = 1388. What are the prime factors of x?
349
Let g = 85 - 92. Let x(a) = 4*a**3 + 28*a**2 - 4*a + 17. What are the prime factors of x(g)?
3, 5
Let h(a) = 18*a**3 - a**2 + 2*a. Let r be h(2). Let q = 908 + -908. Suppose 2*z = 10, q*x - 3*x + 3*z + r = 0. List the prime factors of x.
53
Let u(b) = 11*b. Let h(n) = 23*n - 1. Let o(x) = -2*h(x) + 5*u(x). Let m(d) = -d**2 - 4*d + 2. Let j be m(-4). List the prime factors of o(j).
2, 5
Let x = -3053 - -6845. What are the prime factors of x?
2, 3, 79
Let d = 518 - -4. List the prime factors of d.
2, 3, 29
Let f(t) = 134*t. Let h be 5 + (-12)/((-9)/(-3)). List the prime factors of f(h).
2, 67
Let p = 1473 + 48. What are the prime factors of p?
3, 13
Let s be 20 - ((-1 - 2) + 6). Let h(g) = -11*g**2 - 6*g - 5. Let b(d) = -32*d**2 - 17*d - 14. Let p(r) = s*h(r) - 6*b(r). What are the prime factors of p(-1)?
2
Suppose -5*h - x + 3713 = 0, -2*x + 854 = 4*h - 2114. What are the prime factors of h?
743
Suppose -7*x + 12268 = 1019. What are the prime factors of x?
1607
Let v(i) = -6*i**2 - 8 + 2*i**2 + 3*i**2 + 5 + 7*i. Let s be v(6). Suppose s*f - 8*f = -75. What are the prime factors of f?
3, 5
Suppose -125 + 58 = -u. List the prime factors of u.
67
Let l(h) = 6*h + 69. List the prime factors of l(13).
3, 7
Suppose 0 = 86*z - 75*z - 1716. What are the prime factors of z?
2, 3, 13
Suppose x + z - 4*z + 8 = 0, 8 = 2*z. Suppose -5*g + 3*v + 25 = 0, -18 = -x*g - v + 19. What are the prime factors of g?
2
Let h = 32 - -758. List the prime factors of h.
2, 5, 79
Let q be (-12)/(-8) - 195/6. Let x = q - -44. Let m(s) = s**3 - 14*s**2 + 17*s - 10. What are the prime factors of m(x)?
2, 3, 7
Suppose -3705 = -1142*d + 1137*d. What are the prime factors of d?
3, 13, 19
Suppose 6 = 2*j, 0*l = -l - 3*j + 9. Suppose 10*k - 10 = 5*k. Suppose k*t + 3*t - 25 = l. List the prime factors of t.
5
Suppose -6*g + 4*g - 2*k = -6, -5*g = -k + 15. List the prime factors of ((-21)/g)/((-48)/(-256)).
2, 7
Suppose -n = n + 22. List the prime factors of -5 - -1 - (n - 36).
43
Suppose 2*m + i + 791 = 0, -1209 = m + 2*m - 3*i. Let u = -215 - m. What are the prime factors of u?
3, 61
Suppose m - 54 - 21 = 0. Suppose 3*n + b - m = -3*b, 3*b = -2*n + 49. Suppose -21 = -r + n. List the prime factors of r.
2, 5
Let h be ((-685)/(-15)*6)/(1 - -1). List the prime factors of h/1 - (-1 + 3 + 0).
3, 5
Let s(k) = -k**3 + 12*k**2 - 18*k - 11. Let t be s(8). Suppose -3*f = -4 - t. List the prime factors of f.
5, 7
Let q(g) = 2*g**2 + 8*g - 13. Let n(t) = t**2 + 8*t - 14. Let u(r) = -4*n(r) + 5*q(r). List the prime factors of u(4).
7, 17
Suppose -j + 4*k = 20 + 58, 4*j - 5*k + 323 = 0. Let u = j - -255. What are the prime factors of u?
173
Let m = 1972 + -1278. Suppose -4*p - 182 = -m. What are the prime factors of p?
2
Let j(s) = 35*s - 97. List the prime factors of j(10).
11, 23
List the prime factors of ((-189)/(-108))/(2/144).
2, 3, 7
Suppose s + 4*d + 9 = 0, -2*s = -0*d + 4*d + 6. Suppose z = s*z. Suppose -2*p + z*p = -30. List the prime factors of p.
3, 5
Let t(n) = n - 1. Let r(f) = 2*f**2 - f - 10. Let o(g) = r(g) + 5*t(g). What are the prime factors of o(5)?
5, 11
Let f = 2285 - 964. What are the prime factors of f?
1321
Let o be 4 + (2/5)/((-14)/(-35)). List the prime factors of (-55)/(-1)*((-14)/o)/(-7).
2, 11
What are the prime factors of 202 - (-2 - 0)*20/(-8)?
197
Let d(q) = 3*q**2 + q - 2. Let o be d(-2). Suppose -3*n + o*n + 370 = 0. Let v = n - -142. What are the prime factors of v?
2, 17
Let n(s) = 6*s + 13. Let q(i) = 9*i + 19. Let j(m) = 8*n(m) - 5*q(m). Suppose -2*y + 4*z + 16 = 0, 5*z - 7 = 4*y - 36. What are the prime factors of j(y)?
3
Let r be -45 + 41 - (-199 + 1). List the prime factors of (r/4)/(3/6).
97
Let t(x) = -x**3 - 13*x**2 - 9*x + 1. Suppose -5*y - 17 - 43 = 0. Let k be t(y). Let n = k + 78. What are the prime factors of n?
43
Suppose 0 = d + 3*o - 1326, -268 = -d + 5*o + 1066. List the prime factors of d.
3, 443
List the prime factors of -1*(-15)/20 - 304430/(-56).
5437
Suppose -5*m - 10 + 0 = 4*y, -5*m = 2*y + 10. Suppose 4*t - 31 = -4*v - t, 0 = -5*v + 4*t + 8. List the prime factors of (m/v)/((-2)/144).
2, 3
Let i be 1/2*((4 - 4) + 20). Suppose i*p = 12*p - 164. List the prime factors of p.
2, 41
Let z(c) = c**3 - 3*c**2 - 4*c + 2. Let d be z(4). Let s = 55 - d. Suppose 4*o - 3*w - s = 0, o = -o - 5*w + 33. What are the prime factors of o?
2, 7
List the prime factors of ((-34)/(-8) + (-21)/28)*158.
7, 79
Suppose 2*c - 4*u - 814 = 0, 6*u + 4 = 8*u. List the prime factors of c.
3, 137
Let j = -12 + 13. Let x(h) = 14*h**2 - 5*h - 6. Let d(o) = o + 1. Let f(g) = j*x(g) + 6*d(g). List the prime factors of f(-1).
13
Suppose -3*q + 10*i - 5*i = -285, 